{"id":290,"date":"2019-06-17T17:35:45","date_gmt":"2019-06-17T17:35:45","guid":{"rendered":"http:\/\/drogadozdrowia.co.uk\/?page_id=290"},"modified":"2019-07-21T08:19:41","modified_gmt":"2019-07-21T08:19:41","slug":"historie-chorob","status":"publish","type":"page","link":"https:\/\/drogadozdrowia.co.uk\/index.php\/historie-chorob\/","title":{"rendered":"Historie Chor\u00f3b"},"content":{"rendered":"<p>[et_pb_section fb_built=&#8221;1&#8243; fullwidth=&#8221;on&#8221; next_background_color=&#8221;#ffffff&#8221; _builder_version=&#8221;3.6&#8243; background_image=&#8221;http:\/\/drogadozdrowia.co.uk\/wp-content\/uploads\/2019\/06\/life-coach-09.jpg&#8221; bottom_divider_style=&#8221;slant&#8221; bottom_divider_flip=&#8221;horizontal&#8221; animation_style=&#8221;slide&#8221; animation_direction=&#8221;top&#8221; animation_intensity_slide=&#8221;2%&#8221;][et_pb_fullwidth_header title=&#8221;Historie Chor\u00f3b&#8221; text_orientation=&#8221;center&#8221; background_overlay_color=&#8221;rgba(68,98,124,0.8)&#8221; _builder_version=&#8221;3.21.4&#8243; title_font=&#8221;Lato|700|||||||&#8221; title_font_size=&#8221;46px&#8221; title_font_size_tablet=&#8221;36px&#8221; title_font_size_last_edited=&#8221;on|phone&#8221; title_line_height=&#8221;1.5em&#8221; content_font=&#8221;Lato||||||||&#8221; content_font_size=&#8221;20px&#8221; content_line_height=&#8221;1.8em&#8221; subhead_font=&#8221;Lato|700|||||||&#8221; subhead_font_size=&#8221;25px&#8221; subhead_line_height=&#8221;1.5em&#8221; background_color=&#8221;#afafaf&#8221; background_image=&#8221;http:\/\/drogadozdrowia.co.uk\/wp-content\/uploads\/2019\/06\/life-coach-33.jpg&#8221; custom_margin=&#8221;|||&#8221; custom_padding=&#8221;5vw||150px||false&#8221; button_one_text_size__hover_enabled=&#8221;off&#8221; button_two_text_size__hover_enabled=&#8221;off&#8221; button_one_text_color__hover_enabled=&#8221;off&#8221; button_two_text_color__hover_enabled=&#8221;off&#8221; button_one_border_width__hover_enabled=&#8221;off&#8221; button_two_border_width__hover_enabled=&#8221;off&#8221; button_one_border_color__hover_enabled=&#8221;off&#8221; button_two_border_color__hover_enabled=&#8221;off&#8221; button_one_border_radius__hover_enabled=&#8221;off&#8221; button_two_border_radius__hover_enabled=&#8221;off&#8221; button_one_letter_spacing__hover_enabled=&#8221;off&#8221; button_two_letter_spacing__hover_enabled=&#8221;off&#8221; button_one_bg_color__hover_enabled=&#8221;off&#8221; button_two_bg_color__hover_enabled=&#8221;off&#8221;]<\/p>\n<p>Przedstawiamy tylko niekt\u00f3re z historii\u00a0chor\u00f3b leczonych przez Pani\u0105 Ew\u0119 i dzi\u0119kujemy pacjentom za opinie na temat\u00a0przeprowadzonych bada\u0144 oraz ich wynik\u00f3w.<\/p>\n<p>[\/et_pb_fullwidth_header][\/et_pb_section][et_pb_section fb_built=&#8221;1&#8243; _builder_version=&#8221;3.21.4&#8243;][et_pb_row _builder_version=&#8221;3.21.4&#8243;][et_pb_column type=&#8221;4_4&#8243; _builder_version=&#8221;3.21.4&#8243;][et_pb_gallery gallery_ids=&#8221;377,378,381,390,380,383,373,386,392,363,384,364,388,389,365,379,366,382,367,387,368,369,370,393,371,391,372,374,375,376,394,395&#8243; posts_number=&#8221;32&#8243; show_title_and_caption=&#8221;off&#8221; _builder_version=&#8221;3.21.4&#8243; box_shadow_style_image=&#8221;preset2&#8243;][\/et_pb_gallery][\/et_pb_column][\/et_pb_row][\/et_pb_section]<\/p>\n","protected":false},"excerpt":{"rendered":"<p>Przedstawiamy tylko niekt\u00f3re z historii\u00a0chor\u00f3b leczonych przez Pani\u0105 Ew\u0119 i dzi\u0119kujemy pacjentom za opinie na temat\u00a0przeprowadzonych bada\u0144 oraz ich wynik\u00f3w.<\/p>\n","protected":false},"author":1,"featured_media":0,"parent":0,"menu_order":0,"comment_status":"closed","ping_status":"closed","template":"","meta":{"_et_pb_use_builder":"on","_et_pb_old_content":"<!-- wp:divi\/placeholder \/-->","_et_gb_content_width":"","footnotes":""},"class_list":["post-290","page","type-page","status-publish","hentry"],"_links":{"self":[{"href":"https:\/\/drogadozdrowia.co.uk\/index.php\/wp-json\/wp\/v2\/pages\/290","targetHints":{"allow":["GET"]}}],"collection":[{"href":"https:\/\/drogadozdrowia.co.uk\/index.php\/wp-json\/wp\/v2\/pages"}],"about":[{"href":"https:\/\/drogadozdrowia.co.uk\/index.php\/wp-json\/wp\/v2\/types\/page"}],"author":[{"embeddable":true,"href":"https:\/\/drogadozdrowia.co.uk\/index.php\/wp-json\/wp\/v2\/users\/1"}],"replies":[{"embeddable":true,"href":"https:\/\/drogadozdrowia.co.uk\/index.php\/wp-json\/wp\/v2\/comments?post=290"}],"version-history":[{"count":7,"href":"https:\/\/drogadozdrowia.co.uk\/index.php\/wp-json\/wp\/v2\/pages\/290\/revisions"}],"predecessor-version":[{"id":473,"href":"https:\/\/drogadozdrowia.co.uk\/index.php\/wp-json\/wp\/v2\/pages\/290\/revisions\/473"}],"wp:attachment":[{"href":"https:\/\/drogadozdrowia.co.uk\/index.php\/wp-json\/wp\/v2\/media?parent=290"}],"curies":[{"name":"wp","href":"https:\/\/api.w.org\/{rel}","templated":true}]}}